units digit of 481713179?
9
What is the ten thousands digit of 21624029?
2
What is the units digit of 110132684?
4
What is the thousands digit of 336785117?
5
What is the hundred millions digit of 1967514649?
9
What is the ten millions digit of 7304740924?
0
What is the ten thousands digit of 214157375?
5
What is the millions digit of 262968596?
2
What is the units digit of 34754863?
3
What is the ten millions digit of 3113325821?
1
What is the millions digit of 4517571761?
7
What is the thousands digit of 414993498?
3
What is the ten thousands digit of 811889060?
8
What is the hundreds digit of 308405236?
2
What is the ten thousands digit of 2989413?
8
What is the thousands digit of 214607940?
7
What is the tens digit of 2717050?
5
What is the thousands digit of 64808418?
8
What is the millions digit of 2020937?
2
What is the units digit of 5257981?
1
What is the tens digit of 628969706?
0
What is the ten millions digit of 241597982?
4
What is the ten millions digit of 52851929?
5
What is the hundred thousands digit of 922644375?
6
What is the ten thousands digit of 3355773175?
7
What is the hundreds digit of 530633517?
5
What is the hundred thousands digit of 50330223?
3
What is the ten millions digit of 78174304?
7
What is the units digit of 629115421?
1
What is the units digit of 870608864?
4
What is the millions digit of 31942124?
1
What is the hundred thousands digit of 79217856?
2
What is the hundred thousands digit of 15626898?
6
What is the thousands digit of 6725350494?
0
What is the thousands digit of 26614049?
4
What is the ten thousands digit of 28886456?
8
What is the hundred millions digit of 475221340?
4
What is the tens digit of 2826560193?
9
What is the thousands digit of 7406876154?
6
What is the tens digit of 2854960041?
4
What is the ten millions digit of 52363535?
5
What is the millions digit of 26943753?
6
What is the millions digit of 3929358?
3
What is the hundred thousands digit of 259561286?
5
What is the tens digit of 138608884?
8
What is the hundred millions digit of 450079889?
4
What is the tens digit of 122338835?
3
What is the hundred millions digit of 355297295?
3
What is the hundreds digit of 1764956852?
8
What is the millions digit of 20886024?
0
What is the hundred millions digit of 469636482?
4
What is the ten millions digit of 202092511?
0
What is the ten millions digit of 329166429?
2
What is the ten thousands digit of 352928713?
2
What is the units digit of 85556852?
2
What is the hundred millions digit of 3521412233?
5
What is the ten thousands digit of 116984321?
8
What is the hundred millions digit of 101664307?
1
What is the hundred millions digit of 252000968?
2
What is the units digit of 203923068?
8
What is the tens digit of 1599573094?
9
What is the hundred millions digit of 281775192?
2
What is the units digit of 44666897?
7
What is the hundreds digit of 341566417?
4
What is the hundred millions digit of 271364159?
2
What is the ten millions digit of 312273142?
1
What is the tens digit of 63576052?
5
What is the tens digit of 150248876?
7
What is the thousands digit of 2843857?
3
What is the hundred millions digit of 1635775263?
6
What is the millions digit of 118997459?
8
What is the ten thousands digit of 208538427?
3
What is the units digit of 104291733?
3
What is the ten thousands digit of 112321625?
2
What is the hundreds digit of 134169206?
2
What is the hundred millions digit of 564063174?
5
What is the thousands digit of 31103123?
3
What is the ten thousands digit of 8876172?
7
What is the ten thousands digit of 450369709?
6
What is the thousands digit of 15219635?
9
What is the hundreds digit of 303970491?
4
What is the hundred thousands digit of 34648143?
6
What is the hundreds digit of 64237999?
9
What is the ten millions digit of 1409213624?
0
What is the millions digit of 341637094?
1
What is the hundred millions digit of 597070534?
5
What is the tens digit of 128150934?
3
What is the hundred millions digit of 102785632?
1
What is the millions digit of 487845434?
7
What is the thousands digit of 20770245?
0
What is the thousands digit of 229568543?
8
What is the ten thousands digit of 6273228?
7
What is the ten thousands digit of 31022270?
2
What is the hundred millions digit of 173374356?
1
What is the hundreds digit of 57852344?
3
What is the units digit of 67681979?
9
What is the hundreds digit of 4147387043?
0
What is the units digit of 2706511263?
3
What is the ten thousands digit of 31154066?
5
What is the units digit of 2727678840?
0
What is the ten millions digit of 41768830?
4
What is the millions digit of 31330603?
1
What is the tens digit of 99583771?
7
What is the millions digit of 83000077?
3
What is the thousands digit of 84599106?
9
What is the millions digit of 32609535?
2
What is the hundreds digit of 46543526?
5
What is the ten millions digit of 24033326?
2
What is the hundred millions digit of 881996065?
8
What is the tens digit of 650018221?
2
What is the hundred thousands digit of 26427177?
4
What is the hundreds digit of 500604872?
8
What is the ten millions digit of 564056041?
6
What is the hundreds digit of 1447528071?
0
What is the ten thousands digit of 582651085?
5
What is the ten millions digit of 1373794782?
7
What is the ten thousands digit of 380540129?
4
What is the hundreds digit of 77053721?
7
What is the hundred millions digit of 130152270?
1
What is the millions digit of 426536609?
6
What is the thousands digit of 862803885?
3
What is the ten millions digit of 258394982?
5
What is the millions digit of 7567176?
7
What is the ten millions digit of 140616750?
4
What is the millions digit of 594360134?
4
What is the millions digit of 1413640386?
3
What is the thousands digit of 8231333?
1
What is the ten thousands digit of 24764280?
6
What is the hundred millions digit of 2934032593?
9
What is the thousands digit of 80281834?
1
What is the hundreds digit of 92497585?
5
What is the units digit of 1132947494?
4
What is the ten thousands digit of 28008446?
0
What is the units digit of 3700545265?
5
What is the hundreds digit of 1645637434?
4
What is the tens digit of 38877422?
2
What is the ten thousands digit of 33787687?
8
What is the hundreds digit of 43466577?
5
What is the millions digit of 156139144?
6
What is the billions digit of 1077825764?
1
What is the hundred millions digit of 181443506?
1
What is the tens digit of 40036460?
6
What is the units digit of 21511427?
7
What is the hundreds digit of 121730808?
8
What is the units digit of 46815674?
4
What is the ten millions digit of 2401939522?
0
What is the billions digit of 1199743320?
1
What is the ten millions digit of 36940474?
3
What is the hundred thousands digit of 59452536?
4
What is the millions digit of 13916676?
3
What is the millions digit of 5633470429?
3
What is the units digit of 62949337?
7
What is the ten millions digit of 122474326?
2
What is the ten thousands digit of 25846262?
4
What is the hundred millions digit of 255068250?
2
What is the ten thousands digit of 7010271?
1
What is the hundred millions digit of 3842353445?
8
What is the ten millions digit of 536649272?
3
What is the tens digit of 98620099?
9
What is the hundred thousands digit of 43037174?
0
What is the millions digit of 46437295?
6
What is the hundreds digit of 171442765?
7
What is the units digit of 1411838740?
0
What is the hundred millions digit of 108618317?
1
What is the hundred millions digit of 202878136?
2
What is the thousands digit of 75068806?
8
What is the hundreds digit of 8155035?
0
What is the tens digit of 59142887?
8
What is the tens digit of 1477194307?
0
What is the millions digit of 70653389?
0
What is the hundred millions digit of 287297454?
2
What is the millions digit of 12349512?
2
What is the tens digit of 317945137?
3
What is the millions digit of 799689942?
9
What is the units digit of 17243873?
3
What is the hundreds digit of 173185885?
8
What is the hundred thousands digit of 740996591?
9
What is the units digit of 46212234?
4
What is the hundreds digit of 1319045665?
6
What is the thousands digit of 211376658?
6
What is the hundred millions digit of 1217345546?
2
What is the ten thousands digit of 4799185963?
8
What is the hundred thousands digit of 23117220?
1
What is the